{"id":2,"date":"2016-05-10T03:48:21","date_gmt":"2016-05-10T03:48:21","guid":{"rendered":"http:\/\/live-of-mr-and-mrs-right.eu\/wordpress\/?page_id=2"},"modified":"2022-07-10T10:13:46","modified_gmt":"2022-07-10T10:13:46","slug":"sample-page","status":"publish","type":"page","link":"https:\/\/live-of-mr-and-mrs-right.eu\/wordpress\/","title":{"rendered":"Main Page"},"content":{"rendered":"<p style=\"text-align: center;\"><span style=\"color: #ffffff;\"><em><strong><span style=\"font-size: revert;\">Herzlich Willkommen ihr trinkfesten Feierbiester!<\/span><\/strong><\/em><\/span><\/p>\n<p>Wir bedanken uns f\u00fcr einen unvergesslichen Abend und die vielen Gl\u00fcckw\u00fcnsche und Geschenke.<\/p>\n<p><span data-sheets-value=\"{&quot;1&quot;:2,&quot;2&quot;:&quot;Ihr habt dazu beigetragen,\\ndass dieser Tag f\\u00fcr uns unvergesslich bleiben wird.\\n\\nF\\u00fcr die Hilfe und Unterst\\u00fctzung,\\ndie vielen Ideen und tollen \\u00dcberraschungen,\\ndie zahlreichen Gl\\u00fcckw\\u00fcnsche und Geschenke\\nbedanken wir uns von ganzem Herzen.\\n\\nUnser Tag war wunderbar!\\nCarolin &amp; Marco&quot;}\" data-sheets-userformat=\"{&quot;2&quot;:15233,&quot;3&quot;:[null,0],&quot;10&quot;:2,&quot;11&quot;:0,&quot;12&quot;:0,&quot;14&quot;:[null,2,0],&quot;15&quot;:&quot;Calibri, sans-serif&quot;,&quot;16&quot;:11}\">Ihr habt dazu beigetragen,&nbsp;<\/span>dass dieser Tag f\u00fcr uns unvergesslich bleiben wird.&nbsp;<span data-sheets-value=\"{&quot;1&quot;:2,&quot;2&quot;:&quot;Ihr habt dazu beigetragen,\\ndass dieser Tag f\\u00fcr uns unvergesslich bleiben wird.\\n\\nF\\u00fcr die Hilfe und Unterst\\u00fctzung,\\ndie vielen Ideen und tollen \\u00dcberraschungen,\\ndie zahlreichen Gl\\u00fcckw\\u00fcnsche und Geschenke\\nbedanken wir uns von ganzem Herzen.\\n\\nUnser Tag war wunderbar!\\nCarolin &amp; Marco&quot;}\" data-sheets-userformat=\"{&quot;2&quot;:15233,&quot;3&quot;:[null,0],&quot;10&quot;:2,&quot;11&quot;:0,&quot;12&quot;:0,&quot;14&quot;:[null,2,0],&quot;15&quot;:&quot;Calibri, sans-serif&quot;,&quot;16&quot;:11}\">F\u00fcr die Hilfe und Unterst\u00fctzung,&nbsp;<\/span>die vielen Ideen und tollen \u00dcberraschungen,&nbsp;bedanken wir uns von ganzem Herzen.<\/p>\n<p>Unser Tag war wunderbar &#8211; w<span data-sheets-value=\"{&quot;1&quot;:2,&quot;2&quot;:&quot;Seit dem 13. Juli 2015 gehen wir nun unseren Weg gemeinsam... \\u00dcber eure Gl\\u00fcckw\\u00fcnsche und Geschenke haben wir uns an unserem Hochzeitstag in der Ferne sehr gefreut. Wir sind sehr froh Euch in unserem Leben zu wissen. Herzlichen Dank! \/\/Greta und Samuel&quot;}\" data-sheets-userformat=\"{&quot;2&quot;:15233,&quot;3&quot;:[null,0],&quot;10&quot;:2,&quot;11&quot;:0,&quot;12&quot;:0,&quot;14&quot;:[null,2,0],&quot;15&quot;:&quot;Calibri, sans-serif&quot;,&quot;16&quot;:11}\">ir sind sehr froh Euch in unserem Leben zu wissen.<\/span><\/p>\n<p style=\"text-align: center;\"><em><strong>Herzlichen Dank!<\/strong><\/em><\/p>\n<p style=\"text-align: center;\">Jetzt w\u00fcnschen wir euch viel Spa\u00df beim Durchschauen einiger Eindr\u00fccke dieses Abends.<\/p>\n\n\n<div class=\"wp-block-buttons is-layout-flex wp-block-buttons-is-layout-flex\">\n<div class=\"wp-block-button aligncenter\"><a class=\"wp-block-button__link\" href=\"https:\/\/live-of-mr-and-mrs-right.eu\/piwigo\/\" target=\"_blank\" rel=\"noreferrer noopener\">Wedding Day<\/a><\/div>\n<\/div>\n","protected":false},"excerpt":{"rendered":"<p>Herzlich Willkommen ihr trinkfesten Feierbiester! Wir bedanken uns f\u00fcr einen unvergesslichen Abend und die vielen Gl\u00fcckw\u00fcnsche und Geschenke. Ihr habt dazu beigetragen,&nbsp;dass dieser Tag f\u00fcr uns unvergesslich bleiben wird.&nbsp;F\u00fcr die Hilfe und Unterst\u00fctzung,&nbsp;die vielen Ideen und tollen \u00dcberraschungen,&nbsp;bedanken wir uns von ganzem Herzen. Unser Tag war wunderbar &#8211; wir sind sehr froh Euch in unserem [&hellip;]<\/p>\n","protected":false},"author":1,"featured_media":0,"parent":0,"menu_order":1,"comment_status":"closed","ping_status":"closed","template":"","meta":{"footnotes":""},"class_list":["post-2","page","type-page","status-publish","hentry"],"_links":{"self":[{"href":"https:\/\/live-of-mr-and-mrs-right.eu\/wordpress\/index.php?rest_route=\/wp\/v2\/pages\/2","targetHints":{"allow":["GET"]}}],"collection":[{"href":"https:\/\/live-of-mr-and-mrs-right.eu\/wordpress\/index.php?rest_route=\/wp\/v2\/pages"}],"about":[{"href":"https:\/\/live-of-mr-and-mrs-right.eu\/wordpress\/index.php?rest_route=\/wp\/v2\/types\/page"}],"author":[{"embeddable":true,"href":"https:\/\/live-of-mr-and-mrs-right.eu\/wordpress\/index.php?rest_route=\/wp\/v2\/users\/1"}],"replies":[{"embeddable":true,"href":"https:\/\/live-of-mr-and-mrs-right.eu\/wordpress\/index.php?rest_route=%2Fwp%2Fv2%2Fcomments&post=2"}],"version-history":[{"count":8,"href":"https:\/\/live-of-mr-and-mrs-right.eu\/wordpress\/index.php?rest_route=\/wp\/v2\/pages\/2\/revisions"}],"predecessor-version":[{"id":67,"href":"https:\/\/live-of-mr-and-mrs-right.eu\/wordpress\/index.php?rest_route=\/wp\/v2\/pages\/2\/revisions\/67"}],"wp:attachment":[{"href":"https:\/\/live-of-mr-and-mrs-right.eu\/wordpress\/index.php?rest_route=%2Fwp%2Fv2%2Fmedia&parent=2"}],"curies":[{"name":"wp","href":"https:\/\/api.w.org\/{rel}","templated":true}]}}